-48 - a. What is the tens digit of q?
4
What is the hundreds digit of 85*8*(144/(-45) - -4)?
5
Let j(w) be the third derivative of w**5/4 + 25*w**4/24 - 7*w**3/6 - 3*w**2 + 11*w. What is the tens digit of j(-5)?
4
Let f(c) = 23*c**3 + c**2 - c - 1. Let j be f(-1). Let t = 79 - j. What is the tens digit of t?
0
Let j(r) = -87*r - 419. What is the units digit of j(-11)?
8
Let a(b) = b**2 - 5*b + 6. Let t be a(3). Suppose 4*r - 305 = q - 0*q, 2*r + 5*q - 147 = t. What is the tens digit of r?
7
Let u be (-60)/(-10) - (-10)/(-2). What is the tens digit of -1*(u/(-2))/(1/142)?
7
Let l(r) be the first derivative of -r**4/4 - 4*r**3/3 + 9*r**2/2 + 4*r + 13. Let o = 3 + -9. What is the units digit of l(o)?
2
Let j(y) = -2*y - 3*y + 4*y + 1 + 4. Let f be j(5). Suppose 0 = -f*q - 2*q + 38. What is the units digit of q?
9
Let r be (-3)/(-6) - (-715)/(-22). Let v = r - -33. What is the units digit of v?
1
Let b = -493 - -1125. What is the tens digit of b?
3
Let r(n) = -4 + 5 + 3 + 5 + 12*n. What is the units digit of r(4)?
7
Let c(w) = w**3 + 18 - 11*w**2 - 4*w**2 - 11*w - 6*w. Let a be c(16). Suppose 2 = -2*u - 3*x + 13, 10 = 2*u + a*x. What is the units digit of u?
4
Suppose 2*f + 13 = 27. Let o = -10 + f. Let g(k) = -11*k + 7. What is the tens digit of g(o)?
4
Let u = 20 + 1. Suppose -2*b + u = 19. Suppose b = z - 0*z, -3*h + 2*z = -1. What is the units digit of h?
1
Let d(z) = -2*z**3 - 3*z**2 + 2*z - 5. Suppose 0 = 4*y - 24 - 8. Let q be (0 + y)*2/(-4). What is the units digit of d(q)?
7
Let r(h) = h**3 + 23*h**2 + 10*h - 23. What is the thousands digit of r(-10)?
1
Let z(u) = 37*u + 967. What is the tens digit of z(-15)?
1
Suppose x + 0*x = -9. Let o = x - -14. Suppose -o*v + 84 = -6. What is the tens digit of v?
1
Let u(b) be the third derivative of -5/24*b**4 + 7*b**2 + 0 + 0*b - 7/6*b**3. What is the tens digit of u(-9)?
3
Let h = -52 + 47. What is the tens digit of 0 + h/35 - (-2004)/14?
4
Suppose 3*y - 437 + 134 = 0. Suppose -4*d + y + 67 = 0. Suppose 0 = -2*p + d + 62. What is the tens digit of p?
5
Suppose -3*f - 3*k + 7482 = 0, 5*f - 5*k = 14073 - 1653. What is the hundreds digit of f?
4
Let j = -38 - -6. Let h be ((-18)/(-8))/((-4)/j). Let m = 7 + h. What is the tens digit of m?
2
Suppose 3*t - 14*t + 32340 = 0. What is the tens digit of t?
4
Let x(p) = -95*p**3 - p**2 - p + 1. Let h be x(-1). Suppose -h = 3*t - 3*f, -2*f + 138 = -4*t - 3*f. Let s = t - -62. What is the units digit of s?
8
Let t = 100 - 112. What is the hundreds digit of (t - -42)/((-2)/(-13))?
1
Suppose -4*y = -7*y + 18. Suppose 4 = -v + y. Let q = 18 + v. What is the units digit of q?
0
Let i = 177 + 386. What is the tens digit of i?
6
Let v(p) = 9*p**3 - 2*p**2 + 74*p - 556. What is the units digit of v(7)?
1
Let u(k) = 181*k**2 + 2*k. What is the hundreds digit of u(-1)?
1
Let u be (6/21 - 0)/(8/28). What is the tens digit of (5 + (-9 - -7))/(u/39)?
1
Let a be 3*2/9 + (-19)/(-3). What is the units digit of a/(14/192) - 2?
4
What is the hundreds digit of (23 - 25)*2460/(-8)?
6
Let w(s) = -s + 7. Let p be w(-4). Let t(g) = -g**3 + 10*g**2 + 11*g + 5. What is the units digit of t(p)?
5
Let f = -6891 + 10309. What is the thousands digit of f?
3
Let d(w) = 2*w + 18. Let p be d(-6). Suppose 420 = p*l - l. What is the tens digit of l?
8
Let l(v) = -13*v**2 - 3*v + 5. Let n(c) = -6*c**2 - 2*c + 3. Let u(p) = 4*l(p) - 9*n(p). What is the units digit of u(3)?
9
Let d(q) = 6*q**2 + 14*q + 12. Let b = 31 + -27. Let x(g) = 5*g**2 + 13*g + 11. Let y(r) = b*x(r) - 3*d(r). What is the tens digit of y(-6)?
2
Let j(w) = -w**2 + 18*w - 18. Suppose 0 = -4*x - 0*x + 48. What is the units digit of j(x)?
4
Suppose 5*k - 363 = 2*k + 3*j, 228 = 2*k + 5*j. What is the tens digit of k?
1
Let h(t) be the third derivative of t**5/12 + t**4/12 - t**3/3 + 7*t**2. Let z be h(-3). Suppose 4*n = -x + 15, z = 3*x + 5*n - n. What is the units digit of x?
1
What is the units digit of (39 - 1)*(-111)/(-6)?
3
Suppose -4*w + o + 3662 = w, 0 = w - 5*o - 742. What is the hundreds digit of w?
7
Let k(l) = 5*l**2 - 1. Let u be k(-1). Suppose 5*q = -2*h + 526, 0*h = -5*q + u*h + 508. What is the tens digit of (q/(-10))/((-4)/10)?
2
Suppose 324 = 5*m - 3*m + 4*x, 2*m = -x + 333. Suppose 0 = -n + 4*w - m, 4*n - 3*w + 553 = -106. Let u = -116 - n. What is the tens digit of u?
4
Suppose 3*m = 4*n + 11732, -4*m + 4*n + 8832 = -6804. What is the units digit of m?
4
Let i = 4 - 1. Suppose 4*p - 21 = -t, 0*t - i*p = -2*t + 31. What is the units digit of t?
7
Suppose -27 = -4*y + 33. Suppose q = -l - l + 9, -q - 4*l = -y. Let g(x) = -x**3 + 6*x**2 + 4*x + 1. What is the tens digit of g(q)?
4
Let v(t) = -t**2 + 7. Let r be v(3). What is the tens digit of r/(-3) - 1066/(-39)?
2
Let b(k) = -k**3 + 12*k**2 + 13*k + 6. Let f be b(13). Suppose 4*o + f = 2. What is the units digit of 44 + -6 + o/(-1)?
9
Let n = -26 + 40. Let q be n/77 + 1230/11. Suppose q = 4*o - 3*f, -66 = -2*o - 3*f + 2*f. What is the tens digit of o?
3
Let j(s) be the second derivative of s**4/12 - s**3/3 + 17*s**2/2 + 9*s. What is the units digit of j(0)?
7
Suppose -89*z - 4084 = -93*z. What is the hundreds digit of z?
0
Suppose -3*o - 44 = 34. Let k = -23 - o. Suppose k*f - 22 = -3*d + 17, -4*d + 5*f + 79 = 0. What is the tens digit of d?
1
Let z(h) = -3*h**2 + h + 2*h**2 + 2 + 2. Let u be z(-4). Let b = u + 21. What is the units digit of b?
5
Suppose 0 = 3*f - 4*u - 69, f + 15*u - 24 = 16*u. What is the units digit of f?
7
Let y(u) = 2*u**2 - 6*u - 4. Let p(d) = d**2 - 5*d - 3. Let x(q) = -3*p(q) + 2*y(q). What is the units digit of x(4)?
9
Let w = -799 - -1348. What is the tens digit of w?
4
Let u(r) = 141*r**2 - r - 3. What is the hundreds digit of u(2)?
5
Let t = -1301 - -2399. Suppose -6*d = -15*d + t. What is the tens digit of d?
2
Suppose -3*v = -v - 752. Suppose -s - 4*q - 364 = -5*s, 4*s + 2*q - v = 0. What is the tens digit of s?
9
Let i = 1654 - 1046. What is the units digit of i?
8
Let l(w) = -5*w**3 - 3*w**2 - w + 4. Let s be l(-2). Suppose 2*b - 2*h = 150, 14 = -5*h + s. What is the units digit of b?
9
Suppose 8*a - 17*a = -1143. What is the units digit of a?
7
Let o(f) = f**3 + 48*f**2 - 11*f - 75. What is the hundreds digit of o(-48)?
4
Let w = -18 + 5. Let x(j) = -j**3 - 12*j**2 + 13*j. Let d be x(w). Suppose g - i = 35, d = -4*g - 4*i + 115 + 1. What is the units digit of g?
2
Let c(t) = 135*t**2 + 2*t - 1. Let m be (-36)/(-44) - 4/(-22). Let p be c(m). Suppose -4*k + 4*f = -p, -8 = -3*f + f. What is the units digit of k?
8
Let r be (-5*3)/(9/(-12)). What is the tens digit of ((-56)/(-10))/(2/r)?
5
Let d(r) = 27*r - 169. What is the hundreds digit of d(10)?
1
What is the units digit of (5 - 3035)/(-2) + -7?
8
Let v(u) = -6*u + 117. What is the units digit of v(-13)?
5
Let i = -198 + 339. Suppose 179 = 4*w - 5*h, 5*h = 3*w + 13 - i. Suppose 2*g + u = 2*u + 43, 3*g + 3*u = w. What is the tens digit of g?
2
Let f(m) = -m**3 - 20*m**2 + 10*m + 47. What is the tens digit of f(-21)?
7
Let a = 161 + -91. Let t = 69 + a. What is the hundreds digit of t?
1
Let f = -10 - -12. Suppose -w = -2*w + f. What is the tens digit of 4/(-10)*(w + -27)?
1
Let h = 2 - 12. Let p be (-6 + 1)*2/h. Suppose 2*m + 4 = -3*g + 4*g, 3*m = -2*g + p. What is the units digit of g?
2
Let i = 844 + -646. What is the hundreds digit of i?
1
Let s be (-2)/(-4)*0 + -3. Let q be (s/6)/((-2)/96). Suppose 5*x + q = 94. What is the units digit of x?
4
Let w be (6/2)/(6/(-2)). Let f be 2*86*w/4. Let z = 89 + f. What is the units digit of z?
6
Let y(s) = 46*s**2 - 49. What is the hundreds digit of y(5)?
1
Suppose t - 4*t - 9 = 0, 0 = 3*s + t - 294. What is the tens digit of s?
9
Suppose 5*c - 20 = 5*k - 3*k, -2*c = 4*k - 32. Suppose 44 = c*s - 382. What is the units digit of s?
1
Suppose -9*p + 291 = -141. Let l = 174 - p. What is the units digit of l?
6
Suppose 32 = 3*w - z, -5*w + 5*z - 3*z = -52. Suppose 2*x - x - w = 0. What is the tens digit of ((-63)/14)/((-2)/x)?
2
Let k(x) be the third derivative of x**4/8 - x**3/6 + 5*x**2. Let y be k(1). What is the units digit of (-1 + (-3)/(-2))*y?
1
Let a(d) = 26*d**2 - 2*d. Let f be a(-3). Suppose -3*y + f = 2*y. Suppose -l - l + y = 0. What is the tens digit of l?
2
Suppose 0 = 4*n + n - 70. Let u = -1 - -1. What is the tens digit of